{"id":280,"date":"2020-06-25T18:14:22","date_gmt":"2020-06-25T16:14:22","guid":{"rendered":"https:\/\/delacrem.cat\/nosotros\/"},"modified":"2020-10-16T12:13:55","modified_gmt":"2020-10-16T10:13:55","slug":"nosaltres","status":"publish","type":"page","link":"https:\/\/delacrem.cat\/ca\/nosaltres\/","title":{"rendered":"Nosaltres"},"content":{"rendered":"<p>Massimo Pignata, originari del Piamonte, bressol de l\u2019\u2018Slow food\u2019, creix en un entorn d\u2019alimentaci\u00f3 de proximitat. Estudia Hist\u00f2ria Contempor\u00e0nia, per\u00f2 canvia de rumb per aprendre a crear gelats al costat del seu amic i mestre Marco Carnevale Maff\u00e9 i seguint<br \/>\nels principis del movimient Slow Food.<\/p>\n<p>El 2010, despr\u00e9s de perfeccionar els seus coneixements a l\u2019Espai Sucre, Massimo obre DelaCrem. Amb el seu equip treballen amb dedicaci\u00f3 i entusiasme i reben reconeixements i premis: el 2013, Tripadvisor la nomena la primera gelateria d\u2019Espanya. El 2015 apareix a la llista \u2018Los 100 +1 Mejores de la Gastronom\u00eda Espa\u00f1ola\u2019 de Madrid Fusi\u00f3n. El 2018 Jordi Roca situa DelaCrem entre les seves deu gelateries preferides a escala mundial. DelaCrem tamb\u00e9 apareix en guies gastron\u00f2miques com Routard, Slow Food Catalunya i Barcelona Foodie Guide, entre d\u2019altres.<\/p>\n<p>En la seva const\u00e0ncia \/ fixaci\u00f3 per dur el gelat m\u00e9s enll\u00e0, Massimo estrena l\u2019obrador el 2019. L\u2019aventura continua amb nous sabors, projectes i col\u00b7laboracions, transformant els somnis en crema gelada.<\/p>\n","protected":false},"excerpt":{"rendered":"<p>Massimo Pignata, originari del Piamonte, bressol de l\u2019\u2018Slow food\u2019, creix en un entorn d\u2019alimentaci\u00f3 de proximitat. Estudia Hist\u00f2ria Contempor\u00e0nia, per\u00f2 canvia de rumb per aprendre a crear gelats al costat del seu amic i mestre Marco Carnevale Maff\u00e9 i seguint els principis del movimient Slow Food. El 2010, despr\u00e9s de perfeccionar els seus coneixements a [&hellip;]<\/p>\n","protected":false},"author":1,"featured_media":400,"parent":0,"menu_order":0,"comment_status":"closed","ping_status":"closed","template":"page-nosotros.php","meta":{"footnotes":""},"class_list":["post-280","page","type-page","status-publish","has-post-thumbnail","hentry"],"acf":[],"yoast_head":"<!-- This site is optimized with the Yoast SEO plugin v20.5 - https:\/\/yoast.com\/wordpress\/plugins\/seo\/ -->\n<title>Nosaltres - delaCrem<\/title>\n<meta name=\"robots\" content=\"index, follow, max-snippet:-1, max-image-preview:large, max-video-preview:-1\" \/>\n<link rel=\"canonical\" href=\"https:\/\/delacrem.cat\/ca\/nosaltres\/\" \/>\n<meta property=\"og:locale\" content=\"ca_ES\" \/>\n<meta property=\"og:type\" content=\"article\" \/>\n<meta property=\"og:title\" content=\"Nosaltres - delaCrem\" \/>\n<meta property=\"og:description\" content=\"Massimo Pignata, originari del Piamonte, bressol de l\u2019\u2018Slow food\u2019, creix en un entorn d\u2019alimentaci\u00f3 de proximitat. Estudia Hist\u00f2ria Contempor\u00e0nia, per\u00f2 canvia de rumb per aprendre a crear gelats al costat del seu amic i mestre Marco Carnevale Maff\u00e9 i seguint els principis del movimient Slow Food. El 2010, despr\u00e9s de perfeccionar els seus coneixements a [&hellip;]\" \/>\n<meta property=\"og:url\" content=\"https:\/\/delacrem.cat\/ca\/nosaltres\/\" \/>\n<meta property=\"og:site_name\" content=\"delaCrem\" \/>\n<meta property=\"article:modified_time\" content=\"2020-10-16T10:13:55+00:00\" \/>\n<meta property=\"og:image\" content=\"https:\/\/delacrem.cat\/wp-content\/uploads\/2020\/09\/delacrem-equipo.gif\" \/>\n\t<meta property=\"og:image:width\" content=\"640\" \/>\n\t<meta property=\"og:image:height\" content=\"427\" \/>\n\t<meta property=\"og:image:type\" content=\"image\/gif\" \/>\n<meta name=\"twitter:card\" content=\"summary_large_image\" \/>\n<meta name=\"twitter:label1\" content=\"Temps estimat de lectura\" \/>\n\t<meta name=\"twitter:data1\" content=\"1 minut\" \/>\n<script type=\"application\/ld+json\" class=\"yoast-schema-graph\">{\"@context\":\"https:\/\/schema.org\",\"@graph\":[{\"@type\":\"WebPage\",\"@id\":\"https:\/\/delacrem.cat\/ca\/nosaltres\/\",\"url\":\"https:\/\/delacrem.cat\/ca\/nosaltres\/\",\"name\":\"Nosaltres - delaCrem\",\"isPartOf\":{\"@id\":\"https:\/\/delacrem.cat\/#website\"},\"datePublished\":\"2020-06-25T16:14:22+00:00\",\"dateModified\":\"2020-10-16T10:13:55+00:00\",\"breadcrumb\":{\"@id\":\"https:\/\/delacrem.cat\/ca\/nosaltres\/#breadcrumb\"},\"inLanguage\":\"ca\",\"potentialAction\":[{\"@type\":\"ReadAction\",\"target\":[\"https:\/\/delacrem.cat\/ca\/nosaltres\/\"]}]},{\"@type\":\"BreadcrumbList\",\"@id\":\"https:\/\/delacrem.cat\/ca\/nosaltres\/#breadcrumb\",\"itemListElement\":[{\"@type\":\"ListItem\",\"position\":1,\"name\":\"Portada\",\"item\":\"https:\/\/delacrem.cat\/ca\/\"},{\"@type\":\"ListItem\",\"position\":2,\"name\":\"Nosaltres\"}]},{\"@type\":\"WebSite\",\"@id\":\"https:\/\/delacrem.cat\/#website\",\"url\":\"https:\/\/delacrem.cat\/\",\"name\":\"delaCrem\",\"description\":\"Puro Gelato\",\"potentialAction\":[{\"@type\":\"SearchAction\",\"target\":{\"@type\":\"EntryPoint\",\"urlTemplate\":\"https:\/\/delacrem.cat\/?s={search_term_string}\"},\"query-input\":\"required name=search_term_string\"}],\"inLanguage\":\"ca\"}]}<\/script>\n<!-- \/ Yoast SEO plugin. -->","yoast_head_json":{"title":"Nosaltres - delaCrem","robots":{"index":"index","follow":"follow","max-snippet":"max-snippet:-1","max-image-preview":"max-image-preview:large","max-video-preview":"max-video-preview:-1"},"canonical":"https:\/\/delacrem.cat\/ca\/nosaltres\/","og_locale":"ca_ES","og_type":"article","og_title":"Nosaltres - delaCrem","og_description":"Massimo Pignata, originari del Piamonte, bressol de l\u2019\u2018Slow food\u2019, creix en un entorn d\u2019alimentaci\u00f3 de proximitat. Estudia Hist\u00f2ria Contempor\u00e0nia, per\u00f2 canvia de rumb per aprendre a crear gelats al costat del seu amic i mestre Marco Carnevale Maff\u00e9 i seguint els principis del movimient Slow Food. El 2010, despr\u00e9s de perfeccionar els seus coneixements a [&hellip;]","og_url":"https:\/\/delacrem.cat\/ca\/nosaltres\/","og_site_name":"delaCrem","article_modified_time":"2020-10-16T10:13:55+00:00","og_image":[{"url":"https:\/\/delacrem.cat\/wp-content\/uploads\/2020\/09\/delacrem-equipo.gif","width":640,"height":427,"type":"image\/gif"}],"twitter_card":"summary_large_image","twitter_misc":{"Temps estimat de lectura":"1 minut"},"schema":{"@context":"https:\/\/schema.org","@graph":[{"@type":"WebPage","@id":"https:\/\/delacrem.cat\/ca\/nosaltres\/","url":"https:\/\/delacrem.cat\/ca\/nosaltres\/","name":"Nosaltres - delaCrem","isPartOf":{"@id":"https:\/\/delacrem.cat\/#website"},"datePublished":"2020-06-25T16:14:22+00:00","dateModified":"2020-10-16T10:13:55+00:00","breadcrumb":{"@id":"https:\/\/delacrem.cat\/ca\/nosaltres\/#breadcrumb"},"inLanguage":"ca","potentialAction":[{"@type":"ReadAction","target":["https:\/\/delacrem.cat\/ca\/nosaltres\/"]}]},{"@type":"BreadcrumbList","@id":"https:\/\/delacrem.cat\/ca\/nosaltres\/#breadcrumb","itemListElement":[{"@type":"ListItem","position":1,"name":"Portada","item":"https:\/\/delacrem.cat\/ca\/"},{"@type":"ListItem","position":2,"name":"Nosaltres"}]},{"@type":"WebSite","@id":"https:\/\/delacrem.cat\/#website","url":"https:\/\/delacrem.cat\/","name":"delaCrem","description":"Puro Gelato","potentialAction":[{"@type":"SearchAction","target":{"@type":"EntryPoint","urlTemplate":"https:\/\/delacrem.cat\/?s={search_term_string}"},"query-input":"required name=search_term_string"}],"inLanguage":"ca"}]}},"_links":{"self":[{"href":"https:\/\/delacrem.cat\/ca\/wp-json\/wp\/v2\/pages\/280","targetHints":{"allow":["GET"]}}],"collection":[{"href":"https:\/\/delacrem.cat\/ca\/wp-json\/wp\/v2\/pages"}],"about":[{"href":"https:\/\/delacrem.cat\/ca\/wp-json\/wp\/v2\/types\/page"}],"author":[{"embeddable":true,"href":"https:\/\/delacrem.cat\/ca\/wp-json\/wp\/v2\/users\/1"}],"replies":[{"embeddable":true,"href":"https:\/\/delacrem.cat\/ca\/wp-json\/wp\/v2\/comments?post=280"}],"version-history":[{"count":3,"href":"https:\/\/delacrem.cat\/ca\/wp-json\/wp\/v2\/pages\/280\/revisions"}],"predecessor-version":[{"id":315,"href":"https:\/\/delacrem.cat\/ca\/wp-json\/wp\/v2\/pages\/280\/revisions\/315"}],"wp:featuredmedia":[{"embeddable":true,"href":"https:\/\/delacrem.cat\/ca\/wp-json\/wp\/v2\/media\/400"}],"wp:attachment":[{"href":"https:\/\/delacrem.cat\/ca\/wp-json\/wp\/v2\/media?parent=280"}],"curies":[{"name":"wp","href":"https:\/\/api.w.org\/{rel}","templated":true}]}}

<p>Massimo Pignata, originari del Piamonte, bressol de l’‘Slow food’, creix en un entorn d’alimentació de proximitat. Estudia Història Contemporània, però canvia de rumb per aprendre a crear gelats al costat del seu amic i mestre Marco Carnevale Maffé i seguint<br />
els principis del movimient Slow Food.</p>
<p>El 2010, després de perfeccionar els seus coneixements a l’Espai Sucre, Massimo obre DelaCrem. Amb el seu equip treballen amb dedicació i entusiasme i reben reconeixements i premis: el 2013, Tripadvisor la nomena la primera gelateria d’Espanya. El 2015 apareix a la llista ‘Los 100 +1 Mejores de la Gastronomía Española’ de Madrid Fusión. El 2018 Jordi Roca situa DelaCrem entre les seves deu gelateries preferides a escala mundial. DelaCrem també apareix en guies gastronòmiques com Routard, Slow Food Catalunya i Barcelona Foodie Guide, entre d’altres.</p>
<p>En la seva constància / fixació per dur el gelat més enllà, Massimo estrena l’obrador el 2019. L’aventura continua amb nous sabors, projectes i col·laboracions, transformant els somnis en crema gelada.</p>

<p>Massimo Pignata, originari del Piamonte, bressol de l’‘Slow food’, creix en un entorn d’alimentació de proximitat. Estudia Història Contemporània, però canvia de rumb per aprendre a crear gelats al costat del seu amic i mestre Marco Carnevale Maffé i seguint els principis del movimient Slow Food. El 2010, després de perfeccionar els seus coneixements a [&hellip;]</p>

<!-- This site is optimized with the Yoast SEO plugin v20.5 - https://yoast.com/wordpress/plugins/seo/ -->
<title>Nosaltres - delaCrem</title>
<meta name="robots" content="index, follow, max-snippet:-1, max-image-preview:large, max-video-preview:-1" />
<link rel="canonical" href="https://delacrem.cat/ca/nosaltres/" />
<meta property="og:locale" content="ca_ES" />
<meta property="og:type" content="article" />
<meta property="og:title" content="Nosaltres - delaCrem" />
<meta property="og:description" content="Massimo Pignata, originari del Piamonte, bressol de l’‘Slow food’, creix en un entorn d’alimentació de proximitat. Estudia Història Contemporània, però canvia de rumb per aprendre a crear gelats al costat del seu amic i mestre Marco Carnevale Maffé i seguint els principis del movimient Slow Food. El 2010, després de perfeccionar els seus coneixements a [&hellip;]" />
<meta property="og:url" content="https://delacrem.cat/ca/nosaltres/" />
<meta property="og:site_name" content="delaCrem" />
<meta property="article:modified_time" content="2020-10-16T10:13:55+00:00" />
<meta property="og:image" content="https://delacrem.cat/wp-content/uploads/2020/09/delacrem-equipo.gif" />
	<meta property="og:image:width" content="640" />
	<meta property="og:image:height" content="427" />
	<meta property="og:image:type" content="image/gif" />
<meta name="twitter:card" content="summary_large_image" />
<meta name="twitter:label1" content="Temps estimat de lectura" />
	<meta name="twitter:data1" content="1 minut" />
<script type="application/ld+json" class="yoast-schema-graph">{"@context":"https://schema.org","@graph":[{"@type":"WebPage","@id":"https://delacrem.cat/ca/nosaltres/","url":"https://delacrem.cat/ca/nosaltres/","name":"Nosaltres - delaCrem","isPartOf":{"@id":"https://delacrem.cat/#website"},"datePublished":"2020-06-25T16:14:22+00:00","dateModified":"2020-10-16T10:13:55+00:00","breadcrumb":{"@id":"https://delacrem.cat/ca/nosaltres/#breadcrumb"},"inLanguage":"ca","potentialAction":[{"@type":"ReadAction","target":["https://delacrem.cat/ca/nosaltres/"]}]},{"@type":"BreadcrumbList","@id":"https://delacrem.cat/ca/nosaltres/#breadcrumb","itemListElement":[{"@type":"ListItem","position":1,"name":"Portada","item":"https://delacrem.cat/ca/"},{"@type":"ListItem","position":2,"name":"Nosaltres"}]},{"@type":"WebSite","@id":"https://delacrem.cat/#website","url":"https://delacrem.cat/","name":"delaCrem","description":"Puro Gelato","potentialAction":[{"@type":"SearchAction","target":{"@type":"EntryPoint","urlTemplate":"https://delacrem.cat/?s={search_term_string}"},"query-input":"required name=search_term_string"}],"inLanguage":"ca"}]}</script>
<!-- / Yoast SEO plugin. -->

Massimo Pignata, originari del Piamonte, bressol de l’‘Slow food’, creix en un entorn d’alimentació de proximitat. Estudia Història Contemporània, però canvia de rumb per aprendre a crear gelats al costat del seu amic i mestre Marco Carnevale Maffé i seguint els principis del movimient Slow Food. El 2010, després de perfeccionar els seus coneixements a [&hellip;]
